{"id":337,"date":"2025-11-04T11:07:42","date_gmt":"2025-11-04T11:07:42","guid":{"rendered":"http:\/\/villa196-mobilier.fr\/?page_id=337"},"modified":"2025-11-11T08:29:23","modified_gmt":"2025-11-11T08:29:23","slug":"mentions-legales","status":"publish","type":"page","link":"https:\/\/villa196-mobilier.fr\/index.php\/mentions-legales\/","title":{"rendered":"Mentions l\u00e9gales"},"content":{"rendered":"\t\t<div data-elementor-type=\"wp-page\" data-elementor-id=\"337\" class=\"elementor elementor-337\" data-elementor-post-type=\"page\">\n\t\t\t\t<div class=\"elementor-element elementor-element-4763000 e-con-full e-flex e-con e-parent\" data-id=\"4763000\" data-element_type=\"container\" data-settings=\"{&quot;background_background&quot;:&quot;classic&quot;}\">\n\t\t\t\t<div class=\"elementor-element elementor-element-032a6b6 elementor-widget elementor-widget-spacer\" data-id=\"032a6b6\" data-element_type=\"widget\" data-widget_type=\"spacer.default\">\n\t\t\t\t\t\t\t<div class=\"elementor-spacer\">\n\t\t\t<div class=\"elementor-spacer-inner\"><\/div>\n\t\t<\/div>\n\t\t\t\t\t\t<\/div>\n\t\t\t\t<div class=\"elementor-element elementor-element-445417d elementor-widget elementor-widget-heading\" data-id=\"445417d\" data-element_type=\"widget\" data-widget_type=\"heading.default\">\n\t\t\t\t\t<h2 class=\"elementor-heading-title elementor-size-default\">Mentions l\u00e9gales<\/h2>\t\t\t\t<\/div>\n\t\t\t\t<div class=\"elementor-element elementor-element-e316284 elementor-widget elementor-widget-spacer\" data-id=\"e316284\" data-element_type=\"widget\" data-widget_type=\"spacer.default\">\n\t\t\t\t\t\t\t<div class=\"elementor-spacer\">\n\t\t\t<div class=\"elementor-spacer-inner\"><\/div>\n\t\t<\/div>\n\t\t\t\t\t\t<\/div>\n\t\t\t\t<div class=\"elementor-element elementor-element-7622d03 elementor-widget elementor-widget-text-editor\" data-id=\"7622d03\" data-element_type=\"widget\" data-widget_type=\"text-editor.default\">\n\t\t\t\t\t\t\t\t\t<h3 data-start=\"377\" data-end=\"403\"><strong data-start=\"381\" data-end=\"403\">1. \u00c9diteur du site<\/strong><\/h3><p data-start=\"404\" data-end=\"818\">Le site <strong data-start=\"412\" data-end=\"440\"><a class=\"decorated-link cursor-pointer\" target=\"_new\" rel=\"noopener\" data-start=\"414\" data-end=\"438\">www.villa196-mobilier.fr<\/a><\/strong> est \u00e9dit\u00e9 par la soci\u00e9t\u00e9 <strong data-start=\"466\" data-end=\"485\">V 19.6 MOBILIER<\/strong>,<br data-start=\"486\" data-end=\"489\" \/><strong data-start=\"489\" data-end=\"526\">SAS au capital social de 10 000 \u20ac<\/strong>,<br data-start=\"527\" data-end=\"530\" \/>immatricul\u00e9e au <strong data-start=\"546\" data-end=\"596\">Registre du Commerce et des Soci\u00e9t\u00e9s de Fr\u00e9jus<\/strong> sous le num\u00e9ro <strong data-start=\"612\" data-end=\"641\">989 400 403 R.C.S. Fr\u00e9jus<\/strong>,<br data-start=\"642\" data-end=\"645\" \/>dont le si\u00e8ge social est situ\u00e9 \u00e0 :<br data-start=\"679\" data-end=\"682\" \/><strong data-start=\"682\" data-end=\"735\">12 Rue Fran\u00e7ois Pelletier, 83310 Cogolin \u2013 France<\/strong><br data-start=\"735\" data-end=\"738\" \/>T\u00e9l. : <b>0620 844867<\/b><br data-start=\"774\" data-end=\"777\" \/>E-mail : <strong data-start=\"786\" data-end=\"818\"><a class=\"decorated-link cursor-pointer\" rel=\"noopener\" data-start=\"788\" data-end=\"816\">contact@villa196-mobilier.fr<\/a><\/strong><\/p><p data-start=\"820\" data-end=\"895\">Pr\u00e9sidente : <strong data-start=\"833\" data-end=\"853\">Amandine Faucoup<\/strong><br data-start=\"853\" data-end=\"856\" \/>Directrice G\u00e9n\u00e9rale : <strong data-start=\"878\" data-end=\"895\">Justine Badon<\/strong><\/p><p data-start=\"897\" data-end=\"1005\">Num\u00e9ro de TVA intracommunautaire : <strong data-start=\"932\" data-end=\"949\">FR57989400403<\/strong><br data-start=\"949\" data-end=\"952\" \/>Code APE : <strong data-start=\"963\" data-end=\"1005\">47.59A \u2013 Commerce de d\u00e9tail de meubles<\/strong><\/p><hr data-start=\"1007\" data-end=\"1010\" \/><h3 data-start=\"1012\" data-end=\"1034\"><strong data-start=\"1016\" data-end=\"1034\">2. H\u00e9bergement<\/strong><\/h3><p data-start=\"1035\" data-end=\"1184\">Le site est h\u00e9berg\u00e9 par :<br data-start=\"1060\" data-end=\"1063\" \/><strong data-start=\"1063\" data-end=\"1074\">OVH SAS<\/strong><br data-start=\"1074\" data-end=\"1077\" \/>2 rue Kellermann \u2013 59100 Roubaix \u2013 France<br data-start=\"1118\" data-end=\"1121\" \/>T\u00e9l. : 1007<br data-start=\"1132\" data-end=\"1135\" \/>Site : <a class=\"decorated-link\" href=\"https:\/\/www.ovh.com\" target=\"_new\" rel=\"noopener\" data-start=\"1142\" data-end=\"1184\">https:\/\/www.ovh.com<\/a><\/p><hr data-start=\"1186\" data-end=\"1189\" \/><h3 data-start=\"1191\" data-end=\"1229\"><strong data-start=\"1195\" data-end=\"1229\">3. Conception et d\u00e9veloppement<\/strong><\/h3><p data-start=\"1230\" data-end=\"1410\">Le site a \u00e9t\u00e9 con\u00e7u et d\u00e9velopp\u00e9 par :<br data-start=\"1268\" data-end=\"1271\" \/><strong data-start=\"1271\" data-end=\"1293\">Agence R Num\u00e9rique<\/strong><br data-start=\"1293\" data-end=\"1296\" \/>Site : <a class=\"decorated-link\" href=\"https:\/\/agence-rnumerique.com\" target=\"_new\" rel=\"noopener\" data-start=\"1303\" data-end=\"1365\">https:\/\/agence-rnumerique.com<\/a><br data-start=\"1365\" data-end=\"1368\" \/>E-mail : <strong data-start=\"1377\" data-end=\"1410\"><a class=\"decorated-link cursor-pointer\" rel=\"noopener\" data-start=\"1379\" data-end=\"1408\">contact@agence-rnumerique.com<\/a><\/strong><\/p><hr data-start=\"1412\" data-end=\"1415\" \/><h3 data-start=\"1417\" data-end=\"1452\"><strong data-start=\"1421\" data-end=\"1452\">4. Propri\u00e9t\u00e9 intellectuelle<\/strong><\/h3><p data-start=\"1453\" data-end=\"1907\">L\u2019ensemble des \u00e9l\u00e9ments pr\u00e9sents sur le site <strong data-start=\"1498\" data-end=\"1526\"><a class=\"decorated-link cursor-pointer\" target=\"_new\" rel=\"noopener\" data-start=\"1500\" data-end=\"1524\">www.villa196-mobilier.fr<\/a><\/strong>, incluant notamment les textes, images, graphismes, logos, vid\u00e9os, ic\u00f4nes et structure du site, est la propri\u00e9t\u00e9 exclusive de <strong data-start=\"1653\" data-end=\"1672\">V 19.6 MOBILIER<\/strong> ou de ses partenaires.<br data-start=\"1695\" data-end=\"1698\" \/>Toute reproduction, distribution, modification, adaptation, retransmission ou publication, m\u00eame partielle, de ces \u00e9l\u00e9ments est strictement interdite sans l\u2019autorisation \u00e9crite pr\u00e9alable de <strong data-start=\"1887\" data-end=\"1906\">V 19.6 MOBILIER<\/strong>.<\/p><hr data-start=\"1909\" data-end=\"1912\" \/><h3 data-start=\"1914\" data-end=\"1945\"><strong data-start=\"1918\" data-end=\"1945\">5. Donn\u00e9es personnelles<\/strong><\/h3><p data-start=\"1946\" data-end=\"2200\">Conform\u00e9ment au <strong data-start=\"1962\" data-end=\"2020\">R\u00e8glement G\u00e9n\u00e9ral sur la Protection des Donn\u00e9es (RGPD)<\/strong> et \u00e0 la <strong data-start=\"2029\" data-end=\"2061\">loi Informatique et Libert\u00e9s<\/strong>, <strong data-start=\"2063\" data-end=\"2082\">V 19.6 MOBILIER<\/strong> s\u2019engage \u00e0 garantir la protection, la confidentialit\u00e9 et la s\u00e9curit\u00e9 des donn\u00e9es personnelles collect\u00e9es via le site.<\/p><p data-start=\"2202\" data-end=\"2469\">Les informations transmises via le formulaire de contact sont destin\u00e9es exclusivement \u00e0 <strong data-start=\"2290\" data-end=\"2309\">V 19.6 MOBILIER<\/strong> et ne sont en aucun cas communiqu\u00e9es \u00e0 des tiers.<br data-start=\"2359\" data-end=\"2362\" \/>Elles sont conserv\u00e9es pour une dur\u00e9e maximale de <strong data-start=\"2411\" data-end=\"2420\">3 ans<\/strong> \u00e0 compter du dernier contact avec l\u2019utilisateur.<\/p><p data-start=\"2471\" data-end=\"2693\">Conform\u00e9ment \u00e0 la r\u00e9glementation, vous disposez d\u2019un droit d\u2019acc\u00e8s, de rectification, d\u2019opposition, de portabilit\u00e9 et de suppression de vos donn\u00e9es.<br data-start=\"2619\" data-end=\"2622\" \/>Pour exercer ces droits, contactez :<br data-start=\"2658\" data-end=\"2661\" \/><strong data-start=\"2661\" data-end=\"2693\"><a class=\"decorated-link cursor-pointer\" rel=\"noopener\" data-start=\"2663\" data-end=\"2691\">contact@villa196-mobilier.fr<\/a><\/strong><\/p><hr data-start=\"2695\" data-end=\"2698\" \/><h3 data-start=\"2700\" data-end=\"2718\"><strong data-start=\"2704\" data-end=\"2718\">6. Cookies<\/strong><\/h3><p data-start=\"2719\" data-end=\"2996\">Le site <strong data-start=\"2727\" data-end=\"2755\"><a class=\"decorated-link cursor-pointer\" target=\"_new\" rel=\"noopener\" data-start=\"2729\" data-end=\"2753\">www.villa196-mobilier.fr<\/a><\/strong> peut d\u00e9poser des cookies sur votre appareil dans le but d\u2019am\u00e9liorer l\u2019exp\u00e9rience utilisateur, mesurer l\u2019audience et proposer du contenu personnalis\u00e9.<br data-start=\"2905\" data-end=\"2908\" \/>Vous pouvez \u00e0 tout moment d\u00e9sactiver les cookies via les param\u00e8tres de votre navigateur.<\/p><hr data-start=\"2998\" data-end=\"3001\" \/><h3 data-start=\"3003\" data-end=\"3028\"><strong data-start=\"3007\" data-end=\"3028\">7. Responsabilit\u00e9<\/strong><\/h3><p data-start=\"3029\" data-end=\"3438\"><strong data-start=\"3029\" data-end=\"3048\">V 19.6 MOBILIER<\/strong> met tout en \u0153uvre pour fournir des informations exactes et \u00e0 jour sur son site. Toutefois, elle ne saurait \u00eatre tenue responsable des erreurs, omissions ou indisponibilit\u00e9s \u00e9ventuelles.<br data-start=\"3234\" data-end=\"3237\" \/>L\u2019utilisation du site se fait sous la responsabilit\u00e9 exclusive de l\u2019utilisateur.<br data-start=\"3317\" data-end=\"3320\" \/><strong data-start=\"3320\" data-end=\"3339\">V 19.6 MOBILIER<\/strong> ne pourra \u00eatre tenue responsable d\u2019aucun dommage direct ou indirect li\u00e9 \u00e0 la consultation du site.<\/p><hr data-start=\"3440\" data-end=\"3443\" \/><h3 data-start=\"3445\" data-end=\"3472\"><strong data-start=\"3449\" data-end=\"3472\">8. Droit applicable<\/strong><\/h3><p data-start=\"3473\" data-end=\"3665\">Les pr\u00e9sentes mentions l\u00e9gales sont r\u00e9gies par le <strong data-start=\"3523\" data-end=\"3541\">droit fran\u00e7ais<\/strong>.<br data-start=\"3542\" data-end=\"3545\" \/>En cas de litige, et \u00e0 d\u00e9faut de r\u00e9solution amiable, les tribunaux comp\u00e9tents seront ceux du ressort de <strong data-start=\"3649\" data-end=\"3664\">Fr\u00e9jus (83)<\/strong>.<\/p>\t\t\t\t\t\t\t\t<\/div>\n\t\t\t\t<div class=\"elementor-element elementor-element-b2cf266 elementor-widget elementor-widget-spacer\" data-id=\"b2cf266\" data-element_type=\"widget\" data-widget_type=\"spacer.default\">\n\t\t\t\t\t\t\t<div class=\"elementor-spacer\">\n\t\t\t<div class=\"elementor-spacer-inner\"><\/div>\n\t\t<\/div>\n\t\t\t\t\t\t<\/div>\n\t\t\t\t<\/div>\n\t\t\t\t<\/div>\n\t\t","protected":false},"excerpt":{"rendered":"<p>Mentions l\u00e9gales 1. \u00c9diteur du site Le site www.villa196-mobilier.fr est \u00e9dit\u00e9 par la soci\u00e9t\u00e9 V 19.6 MOBILIER,SAS au capital social de 10 000 \u20ac,immatricul\u00e9e au Registre du Commerce et des Soci\u00e9t\u00e9s de Fr\u00e9jus sous le num\u00e9ro 989 400 403 R.C.S. Fr\u00e9jus,dont le si\u00e8ge social est situ\u00e9 \u00e0 :12 Rue Fran\u00e7ois Pelletier, 83310 Cogolin \u2013 FranceT\u00e9l. [&hellip;]<\/p>\n","protected":false},"author":1,"featured_media":0,"parent":0,"menu_order":0,"comment_status":"closed","ping_status":"closed","template":"","meta":{"footnotes":""},"class_list":["post-337","page","type-page","status-publish","hentry"],"_links":{"self":[{"href":"https:\/\/villa196-mobilier.fr\/index.php\/wp-json\/wp\/v2\/pages\/337","targetHints":{"allow":["GET"]}}],"collection":[{"href":"https:\/\/villa196-mobilier.fr\/index.php\/wp-json\/wp\/v2\/pages"}],"about":[{"href":"https:\/\/villa196-mobilier.fr\/index.php\/wp-json\/wp\/v2\/types\/page"}],"author":[{"embeddable":true,"href":"https:\/\/villa196-mobilier.fr\/index.php\/wp-json\/wp\/v2\/users\/1"}],"replies":[{"embeddable":true,"href":"https:\/\/villa196-mobilier.fr\/index.php\/wp-json\/wp\/v2\/comments?post=337"}],"version-history":[{"count":7,"href":"https:\/\/villa196-mobilier.fr\/index.php\/wp-json\/wp\/v2\/pages\/337\/revisions"}],"predecessor-version":[{"id":441,"href":"https:\/\/villa196-mobilier.fr\/index.php\/wp-json\/wp\/v2\/pages\/337\/revisions\/441"}],"wp:attachment":[{"href":"https:\/\/villa196-mobilier.fr\/index.php\/wp-json\/wp\/v2\/media?parent=337"}],"curies":[{"name":"wp","href":"https:\/\/api.w.org\/{rel}","templated":true}]}}